{"id":50,"date":"2015-06-22T12:31:09","date_gmt":"2015-06-22T10:31:09","guid":{"rendered":"http:\/\/m83.corsidistudio.unina.it\/?page_id=50"},"modified":"2015-09-29T12:18:49","modified_gmt":"2015-09-29T10:18:49","slug":"tesi","status":"publish","type":"page","link":"https:\/\/m83.corsidistudio.unina.it\/?page_id=50","title":{"rendered":"Tesi"},"content":{"rendered":"<ol>\n<li><span style=\"color: #000000\"><span style=\"font-size: medium\"><b>Attivit\u00e0 formative per la preparazione della prova finale <\/b><\/span><\/span><\/li>\n<\/ol>\n<p lang=\"it-IT\" align=\"JUSTIFY\"><span style=\"color: #000000\"><span style=\"font-family: 'Times New Roman', serif\"><span style=\"font-size: medium\">Lo Studente ha la disponibilit\u00e0 di 5 crediti finalizzati alla preparazione della Tesi di Laurea presso strutture deputate alla formazione. Tale attivit\u00e0 dello Studente viene definita &#8220;Internato di Laurea&#8221;.<\/span><\/span><\/span><\/p>\n<p lang=\"it-IT\" align=\"JUSTIFY\"><span style=\"color: #000000\"><span style=\"font-family: 'Times New Roman', serif\"><span style=\"font-size: small\"><span style=\"color: #000000\"><span style=\"font-size: medium\">Lo Studente deve presentare alla CCCL una formale richiesta corredata del proprio curriculum (elenco degli esami sostenuti e voti conseguiti in ciascuno di essi, elenco delle attivit\u00e0 elettive seguite, <\/span><\/span><span style=\"color: #000000\"><span style=\"font-size: medium\"><i>stages<\/i><\/span><\/span><span style=\"color: #000000\"><span style=\"font-size: medium\"> in laboratori o cliniche o qualsiasi altra attivit\u00e0 compiuta ai fini della formazione) non meno di 6 mesi prima della Sessione di Laurea.<\/span><\/span><\/span><\/span><\/span><\/p>\n<p lang=\"it-IT\" align=\"JUSTIFY\"><span style=\"color: #000000\"><span style=\"font-family: 'Times New Roman', serif\"><span style=\"font-size: medium\">La CCCL sentiti i Docenti del CL afferenti alla struttura, e verificata la disponibilit\u00e0 di posti, accoglie la richiesta ed affida ad un Docente-Tutore, eventualmente indicato dallo Studente, la responsabilit\u00e0 del controllo e della certificazione delle attivit\u00e0 svolte dallo Studente stesso nella struttura. <\/span><\/span><\/span><\/p>\n<ol start=\"2\">\n<li>\n<p lang=\"it-IT\" align=\"JUSTIFY\"><span style=\"color: #000000\"><span style=\"color: #000000\"> <span style=\"font-family: 'Times New Roman', serif\"><span style=\"font-size: small\"><span style=\"font-size: medium\"><b>Esame di Laurea<\/b><\/span><\/span><\/span><\/span><\/span><\/p>\n<\/li>\n<\/ol>\n<p lang=\"it-IT\" align=\"JUSTIFY\"><span style=\"color: #000000\"><span style=\"font-family: 'Times New Roman', serif\"><span style=\"font-size: medium\">Per essere ammesso a sostenere l\u2019Esame di Laurea, lo Studente deve :<br \/>\n<\/span><\/span><\/span><span style=\"color: #000000\"><span style=\"font-family: 'Times New Roman', serif\"><span style=\"font-size: medium\">&#8211; aver seguito tutti i Corsi ed avere superato i relativi esami;<br \/>\n<\/span><\/span><\/span><span style=\"color: #000000\"><span style=\"font-family: 'Times New Roman', serif\"><span style=\"font-size: medium\">&#8211; avere ottenuto, complessivamente 175 CFU articolati in 3 anni di corso;<br \/>\n<\/span><\/span><\/span><span style=\"color: #000000\"><span style=\"font-family: 'Times New Roman', serif\"><span style=\"font-size: medium\">&#8211; aver sostenuto l\u2019ultimo esame almeno 15 giorni prima della seduta di Laurea cos\u00ec come stabilito dalla vigente normativa;<br \/>\n<\/span><\/span><\/span><span style=\"color: #000000\"><span style=\"font-family: 'Times New Roman', serif\"><span style=\"font-size: medium\">&#8211; avere consegnato alla Segreteria Studenti :<br \/>\n<\/span><\/span><\/span><span style=\"color: #000000\"><span style=\"font-family: 'Times New Roman', serif\"><span style=\"font-size: medium\">domanda al Rettore almeno 10 giorni prima della seduta di Laurea e una copia della Tesi in formato informatico.<\/span><\/span><\/span><\/p>\n<p lang=\"it-IT\" align=\"JUSTIFY\"><span style=\"color: #000000\"><span style=\"font-family: 'Times New Roman', serif\"><span style=\"font-size: medium\">L\u2019esame di Laurea si svolge nelle due sessioni indicate per legge, di norma nei mesi di Ottobre\/Novembre e Marzo\/Aprile.<\/span><\/span><\/span><\/p>\n<p lang=\"it-IT\" align=\"JUSTIFY\"><span style=\"color: #000000\"><span style=\"font-family: 'Times New Roman', serif\"><span style=\"font-size: medium\">L\u2019esame di Laurea, che ha valore di esame di Stato abilitante all\u2019esercizio della professione, consta delle seguenti prove, che si terranno in giorni distinti ma consecutivi:<br \/>\n<\/span><\/span><\/span><span style=\"color: #000000\"><span style=\"font-family: 'Times New Roman', serif\"><span style=\"font-size: medium\">&#8211; una prova di abilit\u00e0 pratiche, tesa a gestire una problematica tecnico-diagnostica, seguita da relazione scritta;<br \/>\n<\/span><\/span><\/span><span style=\"color: #000000\"><span style=\"font-family: 'Times New Roman', serif\"><span style=\"font-size: medium\">&#8211; redazione e discussione di un elaborato (tesi) di natura teorico-applicativa o sperimentale.<\/span><\/span><\/span><\/p>\n<p lang=\"it-IT\" align=\"JUSTIFY\"><span style=\"color: #000000\"><span style=\"font-family: 'Times New Roman', serif\"><span style=\"font-size: medium\">A determinare il voto di laurea, espresso in centodecimi, contribuiscono i seguenti parametri:<br \/>\n<\/span><\/span><\/span><span style=\"font-size: medium;font-family: 'Times New Roman', serif;color: #000000\">&#8211; la media aritmetica dei voti conseguiti negli esami curriculari, fino ad un massimo di 100 punti, (Corsi Integrati, Tirocinio, Lingua inglese);<br \/>\n<\/span><span style=\"font-size: medium;font-family: 'Times New Roman', serif;color: #000000\">&#8211; la valutazione della prova pratica con relazione scritta, fino ad un massimo di 10 punti;<br \/>\n<\/span><span style=\"font-size: medium;font-family: 'Times New Roman', serif;color: #000000\">&#8211; i punti attribuiti dalla Commissione di Laurea in sede di discussione della tesi, fino ad un massimo di 10 punti.<\/span><\/p>\n<p lang=\"it-IT\" align=\"JUSTIFY\"><span style=\"color: #000000\"><span style=\"font-family: 'Times New Roman', serif\"><span style=\"font-size: medium\">Il voto finale, risultante dalla somma dei punteggi sopra richiamati, viene attribuito dalla Commissione dell&#8217;esame di laurea, con arrotondamento per eccesso o per difetto al numero intero pi\u00f9 vicino.<br \/>\n<\/span><\/span><\/span><span style=\"color: #000000\"><span style=\"font-family: 'Times New Roman', serif\"><span style=\"font-size: medium\">Le Commissioni giudicatrici per la prova finale, costituite e nominate secondo la normativa vigente, esprimono la loro votazione in centodecimi e possono concedere, all\u2019unanimit\u00e0, la lode al candidato che consegue il massimo dei voti.<br \/>\n<\/span><\/span><\/span><span style=\"color: #000000\"><span style=\"font-family: 'Times New Roman', serif\"><span style=\"font-size: medium\">L&#8217;esame si ritiene superato con il conseguimento della votazione complessiva minima pari a 66\/110.<\/span><\/span><\/span><\/p>\n","protected":false},"excerpt":{"rendered":"<p>Attivit\u00e0 formative per la preparazione della prova finale Lo Studente ha la disponibilit\u00e0 di 5 crediti finalizzati alla preparazione della Tesi di Laurea presso strutture &#8230; <\/p>\n","protected":false},"author":3,"featured_media":0,"parent":42,"menu_order":0,"comment_status":"open","ping_status":"open","template":"page-fullwidth.php","meta":{"footnotes":""},"class_list":["post-50","page","type-page","status-publish","hentry"],"_links":{"self":[{"href":"https:\/\/m83.corsidistudio.unina.it\/index.php?rest_route=\/wp\/v2\/pages\/50","targetHints":{"allow":["GET"]}}],"collection":[{"href":"https:\/\/m83.corsidistudio.unina.it\/index.php?rest_route=\/wp\/v2\/pages"}],"about":[{"href":"https:\/\/m83.corsidistudio.unina.it\/index.php?rest_route=\/wp\/v2\/types\/page"}],"author":[{"embeddable":true,"href":"https:\/\/m83.corsidistudio.unina.it\/index.php?rest_route=\/wp\/v2\/users\/3"}],"replies":[{"embeddable":true,"href":"https:\/\/m83.corsidistudio.unina.it\/index.php?rest_route=%2Fwp%2Fv2%2Fcomments&post=50"}],"version-history":[{"count":3,"href":"https:\/\/m83.corsidistudio.unina.it\/index.php?rest_route=\/wp\/v2\/pages\/50\/revisions"}],"predecessor-version":[{"id":249,"href":"https:\/\/m83.corsidistudio.unina.it\/index.php?rest_route=\/wp\/v2\/pages\/50\/revisions\/249"}],"up":[{"embeddable":true,"href":"https:\/\/m83.corsidistudio.unina.it\/index.php?rest_route=\/wp\/v2\/pages\/42"}],"wp:attachment":[{"href":"https:\/\/m83.corsidistudio.unina.it\/index.php?rest_route=%2Fwp%2Fv2%2Fmedia&parent=50"}],"curies":[{"name":"wp","href":"https:\/\/api.w.org\/{rel}","templated":true}]}}